{"id":228,"date":"2016-08-25T12:55:49","date_gmt":"2016-08-25T12:55:49","guid":{"rendered":"http:\/\/144.76.129.115\/wordpress\/?page_id=228"},"modified":"2019-02-05T20:05:13","modified_gmt":"2019-02-05T19:05:13","slug":"impressum-datenschutz","status":"publish","type":"page","link":"https:\/\/eest9.eu\/?page_id=228","title":{"rendered":"Impressum\/Datenschutz"},"content":{"rendered":"<h1>Impressum<\/h1>\n<h2>Adresse<\/h2>\n<p>Erwin Ernst Steinhammer<br \/>\nPfarrgrund 8<br \/>\nA-3282 St. Georgen\/Leys<\/p>\n<h2>Kontakt<\/h2>\n<p>eest9 [\u00e4t] posteo.eu<\/p>\n<h2>Ausrichtung<\/h2>\n<p>Diese Webseit stellt den pers\u00f6nlichen Blog von Erwin Ernst &#8218;eest9&#8216; Steinhammer dar. Alle Inhalte stellen subjektive Ansichten des Autors dar oder beziehen sich auf genannte Quellen. Hauptinhalt dieses Blogs sind pers\u00f6nliche Erlebnisse, Ansichten und aktuelle Themen der Netzpolitik.<\/p>\n<h1>Datenschutzerkl\u00e4rung<\/h1>\n<h2>Speicherung<\/h2>\n<p>An die Webseite \u00fcbermittelte Daten werden f\u00fcr Statistische Zwecke nur in anonymisierter bzw. pseudonymisierter Form gespeichert. F\u00fcr Zwecke aufgrund von Sicherheitsma\u00dfnahmen werden Daten maximal 7 Tage lang gespeichert.<\/p>\n<h2>Weitergabe<\/h2>\n<h3>Direkt<\/h3>\n<p>Es werden keine gespeicherten personenbezogenen Daten an Dritte weitergegeben, au\u00dfer es bestehen gesetzliche Verpflichtungen dazu.<\/p>\n<h3>Indirekt<\/h3>\n<p>Im Fall der <a href=\"http:\/\/www.heise.de\/ct\/artikel\/Shariff-Social-Media-Buttons-mit-Datenschutz-2467514.html\">Social Media Buttons<\/a> wird eine 2-Klick-L\u00f6sung benutzt, bei der ein Aufruf entsprechender Inhalte erst vorher best\u00e4tigt wird.<\/p>\n<p>F\u00fcr den Datenschutz von verlinkten Inhalten kann keine Verantwortung \u00fcbernommen werden.<\/p>\n<h2>Abschlie\u00dfendes<\/h2>\n<p>Falls eine Unterseite Inhalte 3. Webseiten aufruft ohne, dass der Verweis auf diese Unterseite entsprechend gekennzeichnet wurde bitten wir um eine Meldung an die oben angegebene (E-Mail) Adresse.<\/p>\n<h1>Updates<\/h1>\n<ul>\n<li>2019-01-05: Formulierung zur Datenspeicherung zur Klarstellung vereinfacht.<\/li>\n<li>2018-05-13: Die Policy zur Speicherung von Daten wurde aufgrund notwendiger Sicherheitsvorkehrungen erweitert.<\/li>\n<\/ul>\n","protected":false},"excerpt":{"rendered":"<p>Impressum Adresse Erwin Ernst Steinhammer Pfarrgrund 8 A-3282 St. Georgen\/Leys Kontakt eest9 [\u00e4t] posteo.eu Ausrichtung Diese Webseit stellt den pers\u00f6nlichen Blog von Erwin Ernst &#8218;eest9&#8216; Steinhammer dar. Alle Inhalte stellen subjektive Ansichten des Autors dar oder beziehen sich auf genannte &hellip; <a href=\"https:\/\/eest9.eu\/?page_id=228\">Weiterlesen <span class=\"meta-nav\">&rarr;<\/span><\/a><\/p>\n","protected":false},"author":1,"featured_media":0,"parent":0,"menu_order":2,"comment_status":"closed","ping_status":"closed","template":"","meta":{"inline_featured_image":false,"twitterCardType":"summary","cardImageID":0,"cardImage":"","cardTitle":"","cardDesc":"","cardImageAlt":"","cardPlayer":"","cardPlayerWidth":0,"cardPlayerHeight":0,"cardPlayerStream":"","cardPlayerCodec":""},"_links":{"self":[{"href":"https:\/\/eest9.eu\/index.php?rest_route=\/wp\/v2\/pages\/228"}],"collection":[{"href":"https:\/\/eest9.eu\/index.php?rest_route=\/wp\/v2\/pages"}],"about":[{"href":"https:\/\/eest9.eu\/index.php?rest_route=\/wp\/v2\/types\/page"}],"author":[{"embeddable":true,"href":"https:\/\/eest9.eu\/index.php?rest_route=\/wp\/v2\/users\/1"}],"replies":[{"embeddable":true,"href":"https:\/\/eest9.eu\/index.php?rest_route=%2Fwp%2Fv2%2Fcomments&post=228"}],"version-history":[{"count":13,"href":"https:\/\/eest9.eu\/index.php?rest_route=\/wp\/v2\/pages\/228\/revisions"}],"predecessor-version":[{"id":425,"href":"https:\/\/eest9.eu\/index.php?rest_route=\/wp\/v2\/pages\/228\/revisions\/425"}],"wp:attachment":[{"href":"https:\/\/eest9.eu\/index.php?rest_route=%2Fwp%2Fv2%2Fmedia&parent=228"}],"curies":[{"name":"wp","href":"https:\/\/api.w.org\/{rel}","templated":true}]}}